factors of w.
2
Suppose 4*q + 30 = 5*t, 28 = 4*t - 0*t - 4*q. Suppose 7*j - 2*j = 15. Suppose j*d + t*d = 20. What are the prime factors of d?
2
Let v(d) = d**2 + 12*d - 19. Let x be v(-16). Suppose -4*m = 5*n - 87, -2*n + 5*m - x = -4*n. Let h = n + -11. List the prime factors of h.
2
Let j(n) = -n**3 + 2*n + 1. Suppose 4*x + 24 = -5*y, -3 = -3*y + 4*x - 11. List the prime factors of j(y).
3, 19
Let v(u) = -u - 1. Let g(l) = 2*l - 18. Let t(i) = g(i) - 6*v(i). List the prime factors of t(8).
2, 13
List the prime factors of ((-105)/(-9))/(-5) - 336625/(-75).
2, 2243
Let b(v) = -2*v + 1. Let j be b(2). Let h be (-2 - (j - 2)) + -3. What are the prime factors of 42 + -4 + (3 - h)?
41
Let s(u) = u**2 + u - 1. Let o be s(-7). Let z = 64 + -37. Let j = o - z. What are the prime factors of j?
2, 7
Suppose -5*a + 5*y = -6310, -3*a - 3*y - 897 = -4683. What are the prime factors of a?
2, 631
Let t(b) = -21*b + 331. What are the prime factors of t(-31)?
2, 491
Let q = 500 - 758. Let h = 29 + -20. List the prime factors of (3/(h/q))/(-2).
43
Let i = -111 + 114. Suppose i*j = 2*j + 187. List the prime factors of j.
11, 17
Let p(c) be the third derivative of c**5/15 + 3*c**4/8 - 6*c**3 - 34*c**2. List the prime factors of p(-10).
2, 137
Suppose -5*a - 16*w + 11*w + 2435 = 0, 25 = -5*w. What are the prime factors of a?
2, 3, 41
Suppose z = 57 - 47. Let p(o) = o**2 - 2*o - 2. Let r be p(2). List the prime factors of (594/(-110))/(r/z).
3
Suppose 34280 = 60*r - 40*r. List the prime factors of r.
2, 857
Let a be (-296)/(-2)*3/(-6). Let n = -17 - a. What are the prime factors of n?
3, 19
Let f = -33 - -14. List the prime factors of 4 - (16/(-4) + f).
3
Let k = -141 + 253. Let r = k - 26. List the prime factors of r.
2, 43
Suppose 0 = 6*i - 13*i + 28. Suppose 177 = n - i*x, 0*n - 2*x = -n + 171. What are the prime factors of n?
3, 5, 11
Suppose -c - 1 + 4 = 0. Suppose k - 530 = n, 3 + 3 = -c*k. What are the prime factors of (n/(-8))/7*4?
2, 19
Suppose 6*p = m + 4*p - 188, -4*m = -2*p - 722. List the prime factors of m.
2, 89
Suppose -5*r + 8565 = 3*d, -4*r - 1715 = -5*r - d. List the prime factors of r.
2, 3, 5, 19
Let f(a) = -7*a**2 + 7*a - 8. Let j(o) = -6*o**2 + 6*o - 7. Let d(n) = 5*f(n) - 6*j(n). What are the prime factors of d(5)?
2, 11
Suppose -2*h = -4, h + 76 = 5*l - 2*l. Suppose -3*n + 490 = -z, -5*z + l = -n + 208. What are the prime factors of n?
2, 3
Suppose -18*u - 10*u + 57344 = 0. What are the prime factors of u?
2
Suppose -18*r + 10*r + 5736 = 0. List the prime factors of r.
3, 239
Let b(s) = 17*s + 17. Let g(m) = 35*m + 34. Let w(q) = 7*b(q) - 4*g(q). What are the prime factors of w(-5)?
2, 11
Let o(l) = -64*l + 1. Let p be o(-4). Suppose -6*w + 91 = -p. List the prime factors of w.
2, 29
Let h(o) = o**2 - 5*o + 6. Let t be h(4). Suppose -t*i = -i - 1. What are the prime factors of (-5 + i)*(7 + -11)?
2
Suppose 3*t + 3*f = -207, 0*t - 2*f - 210 = 3*t. Let s = -17 - t. List the prime factors of s.
5, 11
Let y(d) = -d**3 - 2*d**2 + 4*d + 8. Let s be (-14 - -24)*1/(-2). List the prime factors of y(s).
3, 7
What are the prime factors of 84/105 - (-331)/5?
67
Let n = 86 + -84. Suppose 2*w = -n*w + 268. What are the prime factors of w?
67
Let m(f) = f**3 - f**2 - 4*f + 1. Suppose 3*u + 8 = -5*l + 35, -20 = -5*u. Let d be m(l). Let v = d - -1. What are the prime factors of v?
2
What are the prime factors of (-1107)/(7 + (-153)/18)?
2, 3, 41
Let o = 147 + -86. List the prime factors of o.
61
Let c be (-4)/(-2) + (1 - (-4)/(-4)). Suppose 0 = -2*z + b + 387, c*z + 77 = -b + 454. List the prime factors of z.
191
Suppose 2*x - 11 = -11. Suppose x = -2*v + 200 + 50. List the prime factors of v.
5
Let b be (57/(-2))/(15/(-20)). Suppose b + 26 = -4*j. Let y = 14 - j. List the prime factors of y.
2, 3, 5
Let n be 21/(-56) + 8646/16. Suppose 32*x - 27*x = n. Suppose -3*j + 3*q = -0*j - x, -3*j + 4*q + 107 = 0. List the prime factors of j.
37
Let z(b) = -171*b - 2. Let n be z(-2). Suppose 0 = -5*a + 3*i + n, a - 122 = -a + 4*i. List the prime factors of a.
71
Let x be (-22)/(-6) + (-4)/6. Suppose x*k - 2*c - 6202 = 0, 0 = -c - c - 10. What are the prime factors of k/42 - (-2)/(-14)?
7
Let u(m) be the second derivative of m**5/20 - m**4/2 - 5*m**2 + 29*m. What are the prime factors of u(8)?
2, 59
Let z(q) = 2*q - 18. Let h be z(9). Suppose -18 = -h*w + w. List the prime factors of (-8 - -1)*w/7.
2, 3
Let a be 2 + 46*2/4. Suppose 6*n - a = n. Suppose -n*b + 197 - 62 = -2*w, 4*w + 135 = 5*b. List the prime factors of b.
3
Let f(z) = 7*z**2 + z - 5. Let t be f(-5). Let s = t + -26. List the prime factors of s.
139
Let s be (-91)/(-35) - (-8)/20. Suppose -9*q = -s*q - 456. What are the prime factors of q?
2, 19
Suppose -6*g = -3*g + 2*f + 12, 2*g = 4*f - 8. Let r = -1 - g. Suppose -s = -r*s + 50. List the prime factors of s.
5
Let i(v) be the third derivative of -v**6/120 - v**5/15 - v**4/8 + v**3/6 + 12*v**2. Let f be (-2)/(-1) + -3 - 3. What are the prime factors of i(f)?
13
Suppose 2*a + a = -21. Let p(z) = -2*z + 7. Let h(y) = y - 6. Let l(k) = 6*h(k) + 4*p(k). What are the prime factors of l(a)?
2, 3
Suppose -5*g + 19 = -3*t, t + 2*g - 4 = 4*t. Suppose -3*s + 0*s + 4 = 5*h, 5*s = -5*h + 10. Suppose s*o - 130 = -t*o. List the prime factors of o.
2, 13
Let s(v) = v**3 + 7*v**2 - 4*v + 12. Let p be s(-7). Let c = 91 - p. What are the prime factors of c?
3, 17
Let i be 2/(-7) - (-6)/21. Suppose 0 = 3*q - r - r + 43, i = -q + 3*r - 26. Let x = q - -32. What are the prime factors of x?
3, 7
Let c = 2644 + -1803. What are the prime factors of c?
29
Suppose -2*c = 5*h - 2, 3*c = -4*h - 0*c + 3. Suppose h = 5*q - 36 + 11. List the prime factors of q/(-5)*(-1 + -16).
17
Let g(c) = -5*c + 1. Let v be g(1). Let o be (-2)/v + 1570/20. What are the prime factors of 4/18 - o/(-9)?
3
Suppose 2*v - 10*v + 16 = 0. Suppose 238 = 5*s - 2*j, -3*s + v*s + 54 = -2*j. List the prime factors of s.
2, 23
Let h(q) = q**2 + 6. Suppose -b + 2*b - 6 = 0. What are the prime factors of h(b)?
2, 3, 7
Suppose -3*y - 5 = -4*f + 66, 0 = -5*y + 3*f - 100. Let b = y + 45. What are the prime factors of b?
2, 7
Suppose -2*q = -5*k + 2320, -k - q = -3*q - 472. Suppose 0 = 6*b - 3*b - k. What are the prime factors of b?
2, 7, 11
List the prime factors of (-11 - -3)/((-3)/18).
2, 3
Suppose -2*p + 180 = -3*o, -p + 244 = -4*o + 9. Let s = 111 + o. Suppose 5*l + r - s = 0, -l - 4*l + 59 = 3*r. List the prime factors of l.
2, 5
Let h = 2063 + -1433. What are the prime factors of h?
2, 3, 5, 7
Suppose 3606 = -10*q + 13*q. List the prime factors of q.
2, 601
Suppose 382 = -2*j + 18. Let p = 263 + j. List the prime factors of p.
3
Let p = -5 - -8. Suppose 3*d = z - 134, p*z - 221 = 3*d + 157. What are the prime factors of z?
2, 61
Let j = 16 - -25. Let x be (1/1 + -4)/(-1). Suppose -x*f = -7 - j. List the prime factors of f.
2
Let k(y) = 5*y**2 - 134*y - 83. List the prime factors of k(38).
5, 409
Let s = -298 - -542. List the prime factors of s.
2, 61
What are the prime factors of -1 + 1321 + -5 + -4?
3, 19, 23
Suppose -4*p = -2*u - 190, 4*u - 5*p = -451 + 74. List the prime factors of (-15)/12*(0 + u - 3).
2, 3, 5
Let c(l) = -l**3 + 8*l**2 + 3. Let x be c(8). Let h = 9 + x. Let b = 46 - h. List the prime factors of b.
2, 17
Suppose -5*p + 3442 = 4*j, -1126 - 947 = -3*p - 5*j. List the prime factors of p.
2, 7
Let g(m) = 335*m**3 - 3 + 1 - 334*m**3 - 10*m**2. List the prime factors of g(11).
7, 17
List the prime factors of -3*64/24*(-2122)/4.
2, 1061
Suppose 0 = -11*f - 12 - 362. What are the prime factors of (f*(-2)/6)/((-20)/(-30))?
17
Suppose -4*w - 3*t - 1566 = -4498, -4*t + 2936 = 4*w. List the prime factors of w.
2, 5, 73
Let w(a) = -a**3 - 10*a**2 - 23*a - 10. Let i be w(-7). Suppose v + 371 - 114 = x, -i*x + 1022 = -v. List the prime factors of x.
3, 5, 17
Let x(j) = j**3 + 31*j**2 + 30*j + 21. Let h(s) = s**3 + 9*s**2 + 12*s + 2. Let r be h(-8). List the prime factors of x(r).
3, 7
Let u(f) = 42*f - 71. List the prime factors of u(10).
349
Let x be -1 - 1*-8 - 12/4. Suppose 2*w = -w - 3, -x*w + 806 = 5*s. What are the prime factors of s?
2, 3
Let u be (228/10)/(3 + 39/(-15)). Suppose -2*c + 171 - u = 0. List the prime factors of c.
3, 19
Let c = -78 + 153. List the prime factors of c.
3, 5
Let c